r of 23 and 119216567.
23
Calculate the highest common divisor of 12833861 and 205.
41
What is the greatest common divisor of 6157503 and 9768?
1221
Calculate the highest common factor of 12366 and 6736722.
1374
What is the greatest common factor of 77051 and 93691?
13
Calculate the highest common divisor of 13 and 120246126.
13
Calculate the highest common divisor of 695 and 42893315.
695
What is the greatest common divisor of 206 and 802365880?
206
Calculate the greatest common factor of 24647 and 53476948.
3521
Calculate the highest common factor of 2385391 and 6815.
47
What is the highest common divisor of 7360 and 772110?
230
Calculate the greatest common divisor of 7 and 518155862.
7
What is the greatest common factor of 1512 and 5929284?
12
What is the highest common divisor of 8131 and 190819?
173
What is the greatest common divisor of 201755400 and 295368?
9528
What is the highest common factor of 80506236 and 36?
12
What is the highest common divisor of 2511894 and 312?
6
Calculate the highest common factor of 24461384 and 116.
116
Calculate the greatest common divisor of 183639736 and 28.
28
What is the greatest common divisor of 34280930 and 530?
530
Calculate the highest common divisor of 12 and 77978781.
3
Calculate the highest common factor of 14621160 and 72.
24
What is the greatest common divisor of 26460266 and 14?
14
Calculate the greatest common factor of 242 and 3414422.
22
What is the highest common divisor of 318 and 811086?
6
Calculate the highest common divisor of 1032081 and 348.
87
What is the greatest common divisor of 111232 and 14112?
32
What is the highest common divisor of 55 and 30244742?
11
What is the greatest common divisor of 189 and 433881?
63
What is the greatest common divisor of 52 and 5919329?
13
Calculate the greatest common divisor of 124 and 82363714.
62
Calculate the highest common factor of 472 and 619.
1
What is the greatest common divisor of 512442 and 5362?
14
Calculate the greatest common factor of 825 and 2869911.
33
What is the greatest common factor of 596868 and 964?
4
Calculate the greatest common divisor of 1414868 and 971074.
4394
What is the greatest common divisor of 68 and 54698129?
17
Calculate the highest common divisor of 79976945 and 65.
5
Calculate the greatest common factor of 72419754 and 132.
66
Calculate the highest common factor of 2422 and 175603477.
1211
Calculate the highest common divisor of 1664 and 16064256.
1664
Calculate the highest common factor of 2474 and 551.
1
What is the highest common factor of 14797310 and 1528946?
6562
Calculate the greatest common factor of 1180438 and 182.
14
What is the greatest common factor of 33341474 and 1450?
58
Calculate the greatest common divisor of 260 and 59190.
10
What is the highest common factor of 100665664 and 14674?
506
What is the highest common factor of 45686011 and 427?
427
What is the greatest common divisor of 155 and 1036401455?
155
What is the highest common factor of 4085712 and 43394?
3338
Calculate the greatest common factor of 46038690 and 18.
18
What is the highest common factor of 10552814 and 1242?
46
What is the greatest common divisor of 81524 and 236384?
356
Calculate the highest common divisor of 87516 and 788996.
52
Calculate the greatest common divisor of 4 and 478879.
1
What is the highest common factor of 29611530 and 260?
130
Calculate the highest common factor of 1914 and 1459338.
174
What is the highest common divisor of 5658 and 730825?
943
Calculate the highest common factor of 298712775 and 1425.
1425
What is the greatest common divisor of 3708677907 and 10737?
10737
Calculate the greatest common factor of 6464 and 341582.
202
Calculate the greatest common factor of 62583601 and 59.
59
What is the highest common divisor of 455013 and 819?
117
What is the greatest common divisor of 106660128 and 288?
96
What is the highest common divisor of 12204 and 13573899?
3051
What is the highest common divisor of 335762844 and 53?
53
Calculate the greatest common factor of 7 and 20110482.
7
What is the highest common divisor of 196999 and 2464?
11
Calculate the highest common factor of 102799645 and 35.
5
What is the highest common factor of 340564714 and 112?
14
Calculate the greatest common factor of 37200 and 28722120.
3720
Calculate the greatest common factor of 7344066 and 39246.
1266
Calculate the greatest common factor of 16945 and 775280.
5
What is the highest common divisor of 241017036 and 6?
6
Calculate the greatest common factor of 68952 and 1244672.
1768
Calculate the highest common factor of 28904 and 888.
8
What is the greatest common divisor of 1444 and 14795756?
76
Calculate the highest common divisor of 363 and 1215513002.
121
What is the highest common factor of 34032 and 88188?
12
What is the greatest common factor of 82316660 and 20?
20
Calculate the highest common divisor of 209982390 and 30.
30
What is the greatest common divisor of 92702241 and 459?
153
Calculate the greatest common divisor of 32878125 and 14.
7
What is the greatest common divisor of 1387124 and 37870?
1082
Calculate the greatest common divisor of 28224 and 1982148.
588
Calculate the greatest common factor of 9686 and 5845.
167
Calculate the greatest common divisor of 22442 and 1765932.
14
Calculate the greatest common divisor of 418530 and 141414.
42
Calculate the greatest common divisor of 320 and 568235.
5
What is the highest common factor of 723009 and 58443?
21
What is the highest common factor of 424 and 96497471?
53
Calculate the greatest common divisor of 15 and 3035272335.
15
What is the highest common divisor of 75 and 17044575?
75
Calculate the highest common factor of 184 and 499032196.
92
What is the highest common divisor of 60377902 and 26?
26
What is the highest common divisor of 4471737 and 17084?
4271
Calculate the greatest common divisor of 23 and 219533.
1
Calculate the greatest common factor of 147574 and 196378.
1162
What is the greatest common factor of 17741705 and 1780?
445
Calculate the highest common factor of 275 and 637252.
11
What is the greatest common factor of 30810071 and 149?
149
Calculate the greatest common divisor of 393981 and 651525.
1533
What is the highest common factor of 282893 and 154583?
611
Calculate the greatest common factor of 2496649 and 14689.
37
Calculate the highest common divisor of 9086 and 4825282.
154
Calculate the greatest common factor of 1425 and 38726400.
75
What is the highest common factor of 61763335 and 849?
283
Calculate the greatest common divisor of 372 and 1843260.
372
What is the greatest common divisor of 510 and 6951759?
51
What is the greatest common divisor of 704773 and 3611?
157
What is the highest common factor of 25 and 3205415?
5
Calculate the greatest common divisor of 285690 and 2176050.
2670
Calculate the highest common divisor of 4940 and 5800054.
494
Calculate the highest common divisor of 2210440 and 80.
40
Calculate the greatest common factor of 11000 and 6281.
11
Calculate the highest common divisor of 2632 and 15738232.
376
Calculate the greatest common divisor of 13434005 and 1695.
565
Calculate the greatest common factor of 2032409095 and 109.
109
What is the highest common factor of 61014 and 8634?
6
Calculate the greatest common factor of 5030986 and 788.
394
What is the highest common divisor of 492120 and 390?
30
Calculate the greatest common factor of 380767 and 86469.
1517
What is the greatest common divisor of 1095568590 and 30?
30
What is the greatest common factor of 452 and 489284?
4
Calculate the greatest common divisor of 974925 and 196842.
1857
Calculate the greatest common divisor of 3480 and 20937855.
435
Calculate the greatest common factor of 2793 and 182617113.
399
Calculate the greatest common divisor of 8010112 and 1856.
64
What is the greatest common divisor of 8374414 and 14162?
146
Calculate the greatest common factor of 3610 and 1570.
10
What is the greatest common divisor of 14488315 and 2945?
155
What is the greatest common divisor of 50300003 and 13?
13
Calculate the greatest common divisor of 165 and 340480.
5
Calculate the greatest common divisor of 28 and 106386658.
14
What is the greatest common divisor of 336787 and 79849?
187
Calculate the greatest common factor of 193772 and 22339.
251
W